{"id":61135,"date":"2025-04-24T16:06:56","date_gmt":"2025-04-24T14:06:56","guid":{"rendered":"https:\/\/www.ibizadiferente.com\/?post_type=estate_property&#038;p=61135"},"modified":"2026-03-29T11:01:34","modified_gmt":"2026-03-29T09:01:34","slug":"san-rafael-ibiza","status":"publish","type":"estate_property","link":"https:\/\/www.ibizadiferente.com\/es\/properties\/san-rafael-ibiza\/","title":{"rendered":"San Rafael-Ibiza \u2013 NEW PRICE"},"content":{"rendered":"<p>La historia de la finca<br \/>\n<em>Ser amado es cambiar.<\/em><br \/>\nY esta casa lo ha vivido todo.<br \/>\nConstruida originalmente en 1803 como una aut\u00e9ntica finca, Can Terra ha sido testigo de todos los cambios en el esp\u00edritu de Ibiza: desde los tranquilos d\u00edas de campo hasta la salvaje libertad de los a\u00f1os 60 y 70, pasando por la \u00e9poca dorada de los hippies.<br \/>\nPero cuando la encontramos, apenas se manten\u00eda en pie.<br \/>\nAbandonada, rota y cubierta de maleza. Sus paredes se desmoronaban, su tejado se derrumbaba y la naturaleza ya hab\u00eda empezado a reclamar lo que quedaba. Sin agua. Ni electricidad. S\u00f3lo los huesos de algo que una vez fue hermoso.<br \/>\nSin embargo, hab\u00eda una sensaci\u00f3n. Un alma en la piedra. Y lo supimos: merec\u00eda otra vida.<br \/>\nTotalmente restaurado entre 2024 y 2025, ahora se yergue m\u00e1s orgulloso que nunca.<br \/>\nCan Terra no es s\u00f3lo una casa: es un cap\u00edtulo de la historia de Ibiza, reescrito con amor e intenci\u00f3n.<\/p>\n<p>Destacados<br \/>\n- Completamente reconstruido y renovado al m\u00e1s alto nivel<br \/>\n- Dise\u00f1o \u00fanico y refinado<br \/>\n- El aut\u00e9ntico y moderno encanto ibicenco<br \/>\n- 7 habitaciones, cada una con su propio cuarto de ba\u00f1o<br \/>\n- 2 amplios salones<br \/>\n- 2 calas escondidas<br \/>\n- Tierras interminables enmarcadas por antiguos muros de piedra y la tranquila belleza de la naturaleza<br \/>\n- Una gran piscina y hammam<br \/>\n- Bodega en una cala<br \/>\n- Privacidad total en plena naturaleza, pero cerca de la ciudad<br \/>\n- Carretera de f\u00e1cil acceso a trav\u00e9s del bosque<br \/>\n- Propiedad llave en mano, lista para entrar a vivir<br \/>\n- Mini casita para lavander\u00eda<br \/>\n- Sala t\u00e9cnica<\/p>\n<p>Ubicaci\u00f3n<br \/>\nA s\u00f3lo 8 minutos de la ciudad de Ibiza, 15 minutos del aeropuerto de Ibiza, y 10 minutos de varias playas hermosas, esta finca est\u00e1 perfectamente situado tanto para la privacidad y comodidad. Rodeada de naturaleza y ofreciendo un completo aislamiento, la propiedad incluye un amplio aparcamiento privado.<\/p>\n<p>Descripci\u00f3n de la finca<br \/>\nEsta excepcional finca de 1803, totalmente renovada, est\u00e1 situada en una impresionante parcela de 57.000 m\u00b2 y ha sido meticulosamente restaurada por los renombrados arquitectos Dolores y Maxim Batselaere (DOMAX). La casa ofrece m\u00e1s de 400 m\u00b2 de espacio habitable, adem\u00e1s de numerosas terrazas.<br \/>\nCon 7 dormitorios y 7 ba\u00f1os repartidos entre la casa principal y dos casitas de invitados, la propiedad ofrece una combinaci\u00f3n \u00fanica de encanto, comodidad y lujo.<br \/>\nEl precioso jard\u00edn, repleto de frutales y olivos maduros, rodea una piscina de 48 m\u00b2 con sol\u00e1rium, creando un verdadero oasis mediterr\u00e1neo.<\/p>\n<p>Comodidad y servicios<br \/>\n- Calefacci\u00f3n por suelo radiante en las zonas de estar, los ba\u00f1os y el hammam<br \/>\n- Aire acondicionado en todas las habitaciones<br \/>\n- Cocina exterior totalmente equipada con plancha y zona de comedor a la sombra<br \/>\n- M\u00faltiples muros de piedra antiguos con parcelas planas a distintos niveles, ideales para terrazas de yoga, jardines frutales o un gimnasio al aire libre.<br \/>\n- C\u00e9sped con sistema de riego<br \/>\n- WiFi de fibra \u00f3ptica<br \/>\n- Electricidad: Endesa<br \/>\n- Dos pozos de agua (con infraestructura preparada para la conexi\u00f3n de Aqualia)<\/p>\n<p>Casa principal<br \/>\n- 4 elegantes habitaciones, cada una con ba\u00f1o privado<br \/>\n- Amplio sal\u00f3n en la planta baja con calefacci\u00f3n por suelo radiante, aire acondicionado y chimenea central hecha a medida rodeada de un sof\u00e1 de sal\u00f3n empotrado.<br \/>\n- Puerta de entrada antigua y grandes ventanales con marcos de hierro oxidado<br \/>\nPlanta baja:<br \/>\n- 1 dormitorio con ba\u00f1o\/ducha independiente<br \/>\n- Sala de estar y cocina<br \/>\nPlanta superior:<br \/>\n- Sala de TV<br \/>\n- Peque\u00f1a oficina con aseo de invitados<br \/>\n- 2 habitaciones con ba\u00f1o (una con ducha, otra con ba\u00f1era y ducha)<br \/>\n- Dormitorio principal con vestidor, ba\u00f1o y terraza cubierta privada<\/p>\n<p>Casas de hu\u00e9spedes<br \/>\nPensi\u00f3n 1:<br \/>\n- Dos dormitorios<br \/>\n- Dos ba\u00f1os<br \/>\n- Terraza privada<br \/>\nPensi\u00f3n 2:<br \/>\n- Un dormitorio<br \/>\n- Un ba\u00f1o<br \/>\n- Terraza privada<\/p>","protected":false},"excerpt":{"rendered":"<p>La historia de la finca Ser amado es cambiar. Y esta casa lo ha vivido todo. Construida originalmente en 1803 como una aut\u00e9ntica finca, Can Terra ha sido testigo de todos los cambios en el esp\u00edritu de Ibiza: desde los tranquilos d\u00edas de campo hasta la salvaje libertad de los a\u00f1os 60 y 70, y la \u00e9poca dorada de los hippies. Pero para cuando ...<\/p>","protected":false},"featured_media":61110,"comment_status":"open","ping_status":"closed","template":"","property_category":[144],"property_action_category":[249],"property_city":[275],"property_area":[],"property_county_state":[151],"property_features":[],"property_status":[],"class_list":["post-61135","estate_property","type-estate_property","status-publish","has-post-thumbnail","hentry","property_category-fincas","property_action_category-buy","property_city-san-rafael","property_county_state-ibiza"],"_links":{"self":[{"href":"https:\/\/www.ibizadiferente.com\/es\/wp-json\/wp\/v2\/estate_property\/61135","targetHints":{"allow":["GET"]}}],"collection":[{"href":"https:\/\/www.ibizadiferente.com\/es\/wp-json\/wp\/v2\/estate_property"}],"about":[{"href":"https:\/\/www.ibizadiferente.com\/es\/wp-json\/wp\/v2\/types\/estate_property"}],"replies":[{"embeddable":true,"href":"https:\/\/www.ibizadiferente.com\/es\/wp-json\/wp\/v2\/comments?post=61135"}],"version-history":[{"count":8,"href":"https:\/\/www.ibizadiferente.com\/es\/wp-json\/wp\/v2\/estate_property\/61135\/revisions"}],"predecessor-version":[{"id":64564,"href":"https:\/\/www.ibizadiferente.com\/es\/wp-json\/wp\/v2\/estate_property\/61135\/revisions\/64564"}],"wp:featuredmedia":[{"embeddable":true,"href":"https:\/\/www.ibizadiferente.com\/es\/wp-json\/wp\/v2\/media\/61110"}],"wp:attachment":[{"href":"https:\/\/www.ibizadiferente.com\/es\/wp-json\/wp\/v2\/media?parent=61135"}],"wp:term":[{"taxonomy":"property_category","embeddable":true,"href":"https:\/\/www.ibizadiferente.com\/es\/wp-json\/wp\/v2\/property_category?post=61135"},{"taxonomy":"property_action_category","embeddable":true,"href":"https:\/\/www.ibizadiferente.com\/es\/wp-json\/wp\/v2\/property_action_category?post=61135"},{"taxonomy":"property_city","embeddable":true,"href":"https:\/\/www.ibizadiferente.com\/es\/wp-json\/wp\/v2\/property_city?post=61135"},{"taxonomy":"property_area","embeddable":true,"href":"https:\/\/www.ibizadiferente.com\/es\/wp-json\/wp\/v2\/property_area?post=61135"},{"taxonomy":"property_county_state","embeddable":true,"href":"https:\/\/www.ibizadiferente.com\/es\/wp-json\/wp\/v2\/property_county_state?post=61135"},{"taxonomy":"property_features","embeddable":true,"href":"https:\/\/www.ibizadiferente.com\/es\/wp-json\/wp\/v2\/property_features?post=61135"},{"taxonomy":"property_status","embeddable":true,"href":"https:\/\/www.ibizadiferente.com\/es\/wp-json\/wp\/v2\/property_status?post=61135"}],"curies":[{"name":"wp","href":"https:\/\/api.w.org\/{rel}","templated":true}]}}

<p>La historia de la finca<br />
<em>Ser amado es cambiar.</em><br />
Y esta casa lo ha vivido todo.<br />
Construida originalmente en 1803 como una auténtica finca, Can Terra ha sido testigo de todos los cambios en el espíritu de Ibiza: desde los tranquilos días de campo hasta la salvaje libertad de los años 60 y 70, pasando por la época dorada de los hippies.<br />
Pero cuando la encontramos, apenas se mantenía en pie.<br />
Abandonada, rota y cubierta de maleza. Sus paredes se desmoronaban, su tejado se derrumbaba y la naturaleza ya había empezado a reclamar lo que quedaba. Sin agua. Ni electricidad. Sólo los huesos de algo que una vez fue hermoso.<br />
Sin embargo, había una sensación. Un alma en la piedra. Y lo supimos: merecía otra vida.<br />
Totalmente restaurado entre 2024 y 2025, ahora se yergue más orgulloso que nunca.<br />
Can Terra no es sólo una casa: es un capítulo de la historia de Ibiza, reescrito con amor e intención.</p>
<p>Destacados<br />
- Completamente reconstruido y renovado al más alto nivel<br />
- Diseño único y refinado<br />
- El auténtico y moderno encanto ibicenco<br />
- 7 habitaciones, cada una con su propio cuarto de baño<br />
- 2 amplios salones<br />
- 2 calas escondidas<br />
- Tierras interminables enmarcadas por antiguos muros de piedra y la tranquila belleza de la naturaleza<br />
- Una gran piscina y hammam<br />
- Bodega en una cala<br />
- Privacidad total en plena naturaleza, pero cerca de la ciudad<br />
- Carretera de fácil acceso a través del bosque<br />
- Propiedad llave en mano, lista para entrar a vivir<br />
- Mini casita para lavandería<br />
- Sala técnica</p>
<p>Ubicación<br />
A sólo 8 minutos de la ciudad de Ibiza, 15 minutos del aeropuerto de Ibiza, y 10 minutos de varias playas hermosas, esta finca está perfectamente situado tanto para la privacidad y comodidad. Rodeada de naturaleza y ofreciendo un completo aislamiento, la propiedad incluye un amplio aparcamiento privado.</p>
<p>Descripción de la finca<br />
Esta excepcional finca de 1803, totalmente renovada, está situada en una impresionante parcela de 57.000 m² y ha sido meticulosamente restaurada por los renombrados arquitectos Dolores y Maxim Batselaere (DOMAX). La casa ofrece más de 400 m² de espacio habitable, además de numerosas terrazas.<br />
Con 7 dormitorios y 7 baños repartidos entre la casa principal y dos casitas de invitados, la propiedad ofrece una combinación única de encanto, comodidad y lujo.<br />
El precioso jardín, repleto de frutales y olivos maduros, rodea una piscina de 48 m² con solárium, creando un verdadero oasis mediterráneo.</p>
<p>Comodidad y servicios<br />
- Calefacción por suelo radiante en las zonas de estar, los baños y el hammam<br />
- Aire acondicionado en todas las habitaciones<br />
- Cocina exterior totalmente equipada con plancha y zona de comedor a la sombra<br />
- Múltiples muros de piedra antiguos con parcelas planas a distintos niveles, ideales para terrazas de yoga, jardines frutales o un gimnasio al aire libre.<br />
- Césped con sistema de riego<br />
- WiFi de fibra óptica<br />
- Electricidad: Endesa<br />
- Dos pozos de agua (con infraestructura preparada para la conexión de Aqualia)</p>
<p>Casa principal<br />
- 4 elegantes habitaciones, cada una con baño privado<br />
- Amplio salón en la planta baja con calefacción por suelo radiante, aire acondicionado y chimenea central hecha a medida rodeada de un sofá de salón empotrado.<br />
- Puerta de entrada antigua y grandes ventanales con marcos de hierro oxidado<br />
Planta baja:<br />
- 1 dormitorio con baño/ducha independiente<br />
- Sala de estar y cocina<br />
Planta superior:<br />
- Sala de TV<br />
- Pequeña oficina con aseo de invitados<br />
- 2 habitaciones con baño (una con ducha, otra con bañera y ducha)<br />
- Dormitorio principal con vestidor, baño y terraza cubierta privada</p>
<p>Casas de huéspedes<br />
Pensión 1:<br />
- Dos dormitorios<br />
- Dos baños<br />
- Terraza privada<br />
Pensión 2:<br />
- Un dormitorio<br />
- Un baño<br />
- Terraza privada</p>

<p>La historia de la finca Ser amado es cambiar. Y esta casa lo ha vivido todo. Construida originalmente en 1803 como una auténtica finca, Can Terra ha sido testigo de todos los cambios en el espíritu de Ibiza: desde los tranquilos días de campo hasta la salvaje libertad de los años 60 y 70, y la época dorada de los hippies. Pero para cuando ...</p>
