{"id":63012,"date":"2025-06-22T14:27:51","date_gmt":"2025-06-22T12:27:51","guid":{"rendered":"https:\/\/www.ibizadiferente.com\/properties\/cala-carbo\/"},"modified":"2025-08-21T13:40:26","modified_gmt":"2025-08-21T11:40:26","slug":"cala-carbo","status":"publish","type":"estate_property","link":"https:\/\/www.ibizadiferente.com\/es\/properties\/cala-carbo\/","title":{"rendered":"Cala Carbo"},"content":{"rendered":"<p>Gran adosado esquinero en Cala Carb\u00f3 con piscina desbordante y vistas a Es Vedr\u00e0<\/p>\n<p><strong>\u00a0Resumen:<\/strong><br \/>\nSuperficie habitable: 330 m\u00b2<br \/>\nParcela: 100+ m\u00b2<br \/>\nDormitorios: 5<br \/>\nBa\u00f1os: 5<\/p>\n<p><strong>Lo m\u00e1s destacado:\u00a0<\/strong><br \/>\nGran piscina infinita privada<br \/>\nImpresionantes vistas a Es Vedr\u00e0<br \/>\nGran discoteca en el s\u00f3tano<br \/>\nJacuzzi<br \/>\nGran terraza<br \/>\nOrientaci\u00f3n oeste<\/p>","protected":false},"excerpt":{"rendered":"<p>Gran adosado de esquina en Cala Carbo con piscina infinita con vistas a Es Vedr\u00e0 Resumen: Superficie habitable: 330 m\u00b2 Parcela: 100+ m\u00b2 Dormitorios: 5 Ba\u00f1os: 5 Destacados:  Gran piscina infinita privada Impresionantes vistas a Es Vedr\u00e0 Gran discoteca en el s\u00f3tano Jacuzzi Gran terraza Orientaci\u00f3n oeste<\/p>","protected":false},"featured_media":62978,"comment_status":"open","ping_status":"closed","template":"","property_category":[29],"property_action_category":[249],"property_city":[157],"property_area":[],"property_county_state":[152],"property_features":[],"property_status":[],"class_list":["post-63012","estate_property","type-estate_property","status-publish","has-post-thumbnail","hentry","property_category-apartments","property_action_category-buy","property_city-cala-carbo","property_county_state-san-jose"],"_links":{"self":[{"href":"https:\/\/www.ibizadiferente.com\/es\/wp-json\/wp\/v2\/estate_property\/63012","targetHints":{"allow":["GET"]}}],"collection":[{"href":"https:\/\/www.ibizadiferente.com\/es\/wp-json\/wp\/v2\/estate_property"}],"about":[{"href":"https:\/\/www.ibizadiferente.com\/es\/wp-json\/wp\/v2\/types\/estate_property"}],"replies":[{"embeddable":true,"href":"https:\/\/www.ibizadiferente.com\/es\/wp-json\/wp\/v2\/comments?post=63012"}],"version-history":[{"count":1,"href":"https:\/\/www.ibizadiferente.com\/es\/wp-json\/wp\/v2\/estate_property\/63012\/revisions"}],"predecessor-version":[{"id":63129,"href":"https:\/\/www.ibizadiferente.com\/es\/wp-json\/wp\/v2\/estate_property\/63012\/revisions\/63129"}],"wp:featuredmedia":[{"embeddable":true,"href":"https:\/\/www.ibizadiferente.com\/es\/wp-json\/wp\/v2\/media\/62978"}],"wp:attachment":[{"href":"https:\/\/www.ibizadiferente.com\/es\/wp-json\/wp\/v2\/media?parent=63012"}],"wp:term":[{"taxonomy":"property_category","embeddable":true,"href":"https:\/\/www.ibizadiferente.com\/es\/wp-json\/wp\/v2\/property_category?post=63012"},{"taxonomy":"property_action_category","embeddable":true,"href":"https:\/\/www.ibizadiferente.com\/es\/wp-json\/wp\/v2\/property_action_category?post=63012"},{"taxonomy":"property_city","embeddable":true,"href":"https:\/\/www.ibizadiferente.com\/es\/wp-json\/wp\/v2\/property_city?post=63012"},{"taxonomy":"property_area","embeddable":true,"href":"https:\/\/www.ibizadiferente.com\/es\/wp-json\/wp\/v2\/property_area?post=63012"},{"taxonomy":"property_county_state","embeddable":true,"href":"https:\/\/www.ibizadiferente.com\/es\/wp-json\/wp\/v2\/property_county_state?post=63012"},{"taxonomy":"property_features","embeddable":true,"href":"https:\/\/www.ibizadiferente.com\/es\/wp-json\/wp\/v2\/property_features?post=63012"},{"taxonomy":"property_status","embeddable":true,"href":"https:\/\/www.ibizadiferente.com\/es\/wp-json\/wp\/v2\/property_status?post=63012"}],"curies":[{"name":"wp","href":"https:\/\/api.w.org\/{rel}","templated":true}]}}

<p>Gran adosado esquinero en Cala Carbó con piscina desbordante y vistas a Es Vedrà</p>
<p><strong> Resumen:</strong><br />
Superficie habitable: 330 m²<br />
Parcela: 100+ m²<br />
Dormitorios: 5<br />
Baños: 5</p>
<p><strong>Lo más destacado: </strong><br />
Gran piscina infinita privada<br />
Impresionantes vistas a Es Vedrà<br />
Gran discoteca en el sótano<br />
Jacuzzi<br />
Gran terraza<br />
Orientación oeste</p>

<p>Gran adosado de esquina en Cala Carbo con piscina infinita con vistas a Es Vedrà Resumen: Superficie habitable: 330 m² Parcela: 100+ m² Dormitorios: 5 Baños: 5 Destacados:  Gran piscina infinita privada Impresionantes vistas a Es Vedrà Gran discoteca en el sótano Jacuzzi Gran terraza Orientación oeste</p>
