{"id":63045,"date":"2025-06-22T14:40:26","date_gmt":"2025-06-22T12:40:26","guid":{"rendered":"https:\/\/www.ibizadiferente.com\/properties\/ibiza-town-2\/"},"modified":"2025-06-22T14:40:26","modified_gmt":"2025-06-22T12:40:26","slug":"ibiza-town-2","status":"publish","type":"estate_property","link":"https:\/\/www.ibizadiferente.com\/es\/properties\/ibiza-town-2\/","title":{"rendered":"Ibiza - Ciudad"},"content":{"rendered":"<p>\"Apartamento Colonial\", una joya recientemente reformada situada en un prestigioso edificio colonial, justo en el coraz\u00f3n de la ciudad de Ibiza. Situado en el emblem\u00e1tico Paseo de Vara de Rey, considerado el equivalente ibicenco a la Plaza Mayor de Madrid o Las Ramblas de Barcelona, este bulevar rinde homenaje a un c\u00e9lebre general nacido en la isla.<br \/>\nLa propiedad consta de dos dormitorios, un ba\u00f1o completo, un aseo, un elegante hall de entrada, un amplio sal\u00f3n-comedor y una cocina independiente. Los techos altos, los suelos de mosaico originales y los grandes ventanales con vistas al casco antiguo confieren a esta casa un encanto \u00fanico y aut\u00e9ntico.<\/p>\n<p>DISTRIBUCI\u00d3N<br \/>\nEl apartamento de 110m\u00b2 se distribuye en un hall de entrada, un luminoso sal\u00f3n-comedor con balc\u00f3n, una cocina americana totalmente equipada y un lavadero con armarios empotrados.<br \/>\nCuenta con dos dormitorios: un dormitorio principal con un amplio vestidor y un segundo dormitorio doble. Ambos comparten un ba\u00f1o completo equipado con ducha, lavabo, bid\u00e9 e inodoro.<br \/>\nCerca de la entrada hay un aseo de invitados. Los dormitorios est\u00e1n situados en la parte trasera del edificio, lo que garantiza un ambiente tranquilo y apacible. Desde el balc\u00f3n del sal\u00f3n se puede disfrutar de vistas panor\u00e1micas de la emblem\u00e1tica plaza Vara de Rey, as\u00ed como de Dalt Vila y la Catedral.<br \/>\nLa azotea del edificio es un espacio com\u00fan que invita a la relajaci\u00f3n y el ocio. Es el lugar perfecto para terminar el d\u00eda con una copa de vino, mientras los c\u00e1lidos colores del atardecer ba\u00f1an las antiguas murallas de Dalt Vila.<\/p>\n<p>EQUIPO<br \/>\nEl apartamento est\u00e1 conectado a la red de agua y electricidad y dispone de aire acondicionado (fr\u00edo\/calor) por split.<\/p>\n<p>EXTRAS<br \/>\nEl edificio est\u00e1 equipado con ascensor, y el precio de venta incluye una plaza de aparcamiento en un parking cercano.<\/p>\n<p>UBICACI\u00d3N, VISTAS Y ORIENTACI\u00d3N<br \/>\nSituado en el Paseo de Vara de Rey, la plaza central de la ciudad de Ibiza, al pie de las antiguas murallas de la ciudad y rodeado de todos los servicios como tiendas exclusivas, hoteles de lujo, los mejores restaurantes, bares, supermercados, parada de taxis, y mucho m\u00e1s.<br \/>\nA s\u00f3lo 5 minutos a pie de Marina Botafoch, a 10 minutos de las playas de Talamanca y Figueretas, y a 15 minutos en coche del aeropuerto, Salinas y Es Cavallet.<br \/>\nOrientaci\u00f3n sur, con impresionantes vistas panor\u00e1micas sobre Dalt Vila y la Catedral.<\/p>\n<p>IDEAL PARA<br \/>\nSi le apasiona la arquitectura hist\u00f3rica y busca una propiedad con vistas espectaculares, un ambiente vibrante y todas las comodidades modernas, el \"Apartamento Colonial Vara\" es la elecci\u00f3n ideal para usted.<\/p>","protected":false},"excerpt":{"rendered":"<p>&#8220;Apartamento Colonial&#8221;, a recently refurbished gem located in a prestigious colonial building, right in the heart of Ibiza Town. Situated on the iconic Paseo de Vara de Rey \u2014 considered Ibiza\u2019s equivalent to Madrid\u2019s Plaza Mayor or Barcelona\u2019s Las Ramblas \u2014 this boulevard honours a celebrated general born on the island. The property comprises two bedrooms, one full bathroom, a guest WC, an elegant &#8230;<\/p>","protected":false},"featured_media":63013,"comment_status":"open","ping_status":"closed","template":"","property_category":[29],"property_action_category":[249],"property_city":[303],"property_area":[],"property_county_state":[151],"property_features":[],"property_status":[],"class_list":["post-63045","estate_property","type-estate_property","status-publish","has-post-thumbnail","hentry","property_category-apartments","property_action_category-buy","property_city-ibiza-town","property_county_state-ibiza"],"_links":{"self":[{"href":"https:\/\/www.ibizadiferente.com\/es\/wp-json\/wp\/v2\/estate_property\/63045","targetHints":{"allow":["GET"]}}],"collection":[{"href":"https:\/\/www.ibizadiferente.com\/es\/wp-json\/wp\/v2\/estate_property"}],"about":[{"href":"https:\/\/www.ibizadiferente.com\/es\/wp-json\/wp\/v2\/types\/estate_property"}],"replies":[{"embeddable":true,"href":"https:\/\/www.ibizadiferente.com\/es\/wp-json\/wp\/v2\/comments?post=63045"}],"version-history":[{"count":0,"href":"https:\/\/www.ibizadiferente.com\/es\/wp-json\/wp\/v2\/estate_property\/63045\/revisions"}],"wp:featuredmedia":[{"embeddable":true,"href":"https:\/\/www.ibizadiferente.com\/es\/wp-json\/wp\/v2\/media\/63013"}],"wp:attachment":[{"href":"https:\/\/www.ibizadiferente.com\/es\/wp-json\/wp\/v2\/media?parent=63045"}],"wp:term":[{"taxonomy":"property_category","embeddable":true,"href":"https:\/\/www.ibizadiferente.com\/es\/wp-json\/wp\/v2\/property_category?post=63045"},{"taxonomy":"property_action_category","embeddable":true,"href":"https:\/\/www.ibizadiferente.com\/es\/wp-json\/wp\/v2\/property_action_category?post=63045"},{"taxonomy":"property_city","embeddable":true,"href":"https:\/\/www.ibizadiferente.com\/es\/wp-json\/wp\/v2\/property_city?post=63045"},{"taxonomy":"property_area","embeddable":true,"href":"https:\/\/www.ibizadiferente.com\/es\/wp-json\/wp\/v2\/property_area?post=63045"},{"taxonomy":"property_county_state","embeddable":true,"href":"https:\/\/www.ibizadiferente.com\/es\/wp-json\/wp\/v2\/property_county_state?post=63045"},{"taxonomy":"property_features","embeddable":true,"href":"https:\/\/www.ibizadiferente.com\/es\/wp-json\/wp\/v2\/property_features?post=63045"},{"taxonomy":"property_status","embeddable":true,"href":"https:\/\/www.ibizadiferente.com\/es\/wp-json\/wp\/v2\/property_status?post=63045"}],"curies":[{"name":"wp","href":"https:\/\/api.w.org\/{rel}","templated":true}]}}

<p>"Apartamento Colonial", una joya recientemente reformada situada en un prestigioso edificio colonial, justo en el corazón de la ciudad de Ibiza. Situado en el emblemático Paseo de Vara de Rey, considerado el equivalente ibicenco a la Plaza Mayor de Madrid o Las Ramblas de Barcelona, este bulevar rinde homenaje a un célebre general nacido en la isla.<br />
La propiedad consta de dos dormitorios, un baño completo, un aseo, un elegante hall de entrada, un amplio salón-comedor y una cocina independiente. Los techos altos, los suelos de mosaico originales y los grandes ventanales con vistas al casco antiguo confieren a esta casa un encanto único y auténtico.</p>
<p>DISTRIBUCIÓN<br />
El apartamento de 110m² se distribuye en un hall de entrada, un luminoso salón-comedor con balcón, una cocina americana totalmente equipada y un lavadero con armarios empotrados.<br />
Cuenta con dos dormitorios: un dormitorio principal con un amplio vestidor y un segundo dormitorio doble. Ambos comparten un baño completo equipado con ducha, lavabo, bidé e inodoro.<br />
Cerca de la entrada hay un aseo de invitados. Los dormitorios están situados en la parte trasera del edificio, lo que garantiza un ambiente tranquilo y apacible. Desde el balcón del salón se puede disfrutar de vistas panorámicas de la emblemática plaza Vara de Rey, así como de Dalt Vila y la Catedral.<br />
La azotea del edificio es un espacio común que invita a la relajación y el ocio. Es el lugar perfecto para terminar el día con una copa de vino, mientras los cálidos colores del atardecer bañan las antiguas murallas de Dalt Vila.</p>
<p>EQUIPO<br />
El apartamento está conectado a la red de agua y electricidad y dispone de aire acondicionado (frío/calor) por split.</p>
<p>EXTRAS<br />
El edificio está equipado con ascensor, y el precio de venta incluye una plaza de aparcamiento en un parking cercano.</p>
<p>UBICACIÓN, VISTAS Y ORIENTACIÓN<br />
Situado en el Paseo de Vara de Rey, la plaza central de la ciudad de Ibiza, al pie de las antiguas murallas de la ciudad y rodeado de todos los servicios como tiendas exclusivas, hoteles de lujo, los mejores restaurantes, bares, supermercados, parada de taxis, y mucho más.<br />
A sólo 5 minutos a pie de Marina Botafoch, a 10 minutos de las playas de Talamanca y Figueretas, y a 15 minutos en coche del aeropuerto, Salinas y Es Cavallet.<br />
Orientación sur, con impresionantes vistas panorámicas sobre Dalt Vila y la Catedral.</p>
<p>IDEAL PARA<br />
Si le apasiona la arquitectura histórica y busca una propiedad con vistas espectaculares, un ambiente vibrante y todas las comodidades modernas, el "Apartamento Colonial Vara" es la elección ideal para usted.</p>
