{"id":63012,"date":"2025-06-22T14:27:51","date_gmt":"2025-06-22T12:27:51","guid":{"rendered":"https:\/\/www.ibizadiferente.com\/properties\/cala-carbo\/"},"modified":"2025-08-21T13:40:26","modified_gmt":"2025-08-21T11:40:26","slug":"cala-carbo","status":"publish","type":"estate_property","link":"https:\/\/www.ibizadiferente.com\/nl\/properties\/cala-carbo\/","title":{"rendered":"Cala Carbo"},"content":{"rendered":"<p>Groot hoekhuis in Cala Carbo met overloopzwembad met uitzicht op Es Vedr\u00e0<\/p>\n<p><strong>\u00a0Samenvatting:<\/strong><br \/>\nWoonoppervlak: 330 m\u00b2<br \/>\nPerceelgrootte: 100+ m\u00b2<br \/>\nSlaapkamers: 5<br \/>\nBadkamers: 5<\/p>\n<p><strong>Hoogtepunten:\u00a0<\/strong><br \/>\nGroot priv\u00e9 overloopzwembad<br \/>\nPrachtig uitzicht op Es Vedr\u00e0<br \/>\nGrote nachtclub in de kelder<br \/>\nJacuzzi<br \/>\nGroot terras<br \/>\nWestelijk geori\u00ebnteerd<\/p>","protected":false},"excerpt":{"rendered":"<p>Groot hoekhuis in Cala Carbo met overloopzwembad met uitzicht op Es Vedr\u00e0 Samenvatting: Woonoppervlakte: 330 m\u00b2 Perceelgrootte: 100+ m\u00b2 Slaapkamers: 5 Badkamers: 5 Hoogtepunten:  Groot priv\u00e9 overloopzwembad Geweldig uitzicht op Es Vedr\u00e0 Grote nachtclub in de kelder Jacuzzi Groot terras Op het westen geori\u00ebnteerd<\/p>","protected":false},"featured_media":62978,"comment_status":"open","ping_status":"closed","template":"","property_category":[29],"property_action_category":[249],"property_city":[157],"property_area":[],"property_county_state":[152],"property_features":[],"property_status":[],"class_list":["post-63012","estate_property","type-estate_property","status-publish","has-post-thumbnail","hentry","property_category-apartments","property_action_category-buy","property_city-cala-carbo","property_county_state-san-jose"],"_links":{"self":[{"href":"https:\/\/www.ibizadiferente.com\/nl\/wp-json\/wp\/v2\/estate_property\/63012","targetHints":{"allow":["GET"]}}],"collection":[{"href":"https:\/\/www.ibizadiferente.com\/nl\/wp-json\/wp\/v2\/estate_property"}],"about":[{"href":"https:\/\/www.ibizadiferente.com\/nl\/wp-json\/wp\/v2\/types\/estate_property"}],"replies":[{"embeddable":true,"href":"https:\/\/www.ibizadiferente.com\/nl\/wp-json\/wp\/v2\/comments?post=63012"}],"version-history":[{"count":1,"href":"https:\/\/www.ibizadiferente.com\/nl\/wp-json\/wp\/v2\/estate_property\/63012\/revisions"}],"predecessor-version":[{"id":63129,"href":"https:\/\/www.ibizadiferente.com\/nl\/wp-json\/wp\/v2\/estate_property\/63012\/revisions\/63129"}],"wp:featuredmedia":[{"embeddable":true,"href":"https:\/\/www.ibizadiferente.com\/nl\/wp-json\/wp\/v2\/media\/62978"}],"wp:attachment":[{"href":"https:\/\/www.ibizadiferente.com\/nl\/wp-json\/wp\/v2\/media?parent=63012"}],"wp:term":[{"taxonomy":"property_category","embeddable":true,"href":"https:\/\/www.ibizadiferente.com\/nl\/wp-json\/wp\/v2\/property_category?post=63012"},{"taxonomy":"property_action_category","embeddable":true,"href":"https:\/\/www.ibizadiferente.com\/nl\/wp-json\/wp\/v2\/property_action_category?post=63012"},{"taxonomy":"property_city","embeddable":true,"href":"https:\/\/www.ibizadiferente.com\/nl\/wp-json\/wp\/v2\/property_city?post=63012"},{"taxonomy":"property_area","embeddable":true,"href":"https:\/\/www.ibizadiferente.com\/nl\/wp-json\/wp\/v2\/property_area?post=63012"},{"taxonomy":"property_county_state","embeddable":true,"href":"https:\/\/www.ibizadiferente.com\/nl\/wp-json\/wp\/v2\/property_county_state?post=63012"},{"taxonomy":"property_features","embeddable":true,"href":"https:\/\/www.ibizadiferente.com\/nl\/wp-json\/wp\/v2\/property_features?post=63012"},{"taxonomy":"property_status","embeddable":true,"href":"https:\/\/www.ibizadiferente.com\/nl\/wp-json\/wp\/v2\/property_status?post=63012"}],"curies":[{"name":"wp","href":"https:\/\/api.w.org\/{rel}","templated":true}]}}

<p>Groot hoekhuis in Cala Carbo met overloopzwembad met uitzicht op Es Vedrà</p>
<p><strong> Samenvatting:</strong><br />
Woonoppervlak: 330 m²<br />
Perceelgrootte: 100+ m²<br />
Slaapkamers: 5<br />
Badkamers: 5</p>
<p><strong>Hoogtepunten: </strong><br />
Groot privé overloopzwembad<br />
Prachtig uitzicht op Es Vedrà<br />
Grote nachtclub in de kelder<br />
Jacuzzi<br />
Groot terras<br />
Westelijk georiënteerd</p>

<p>Groot hoekhuis in Cala Carbo met overloopzwembad met uitzicht op Es Vedrà Samenvatting: Woonoppervlakte: 330 m² Perceelgrootte: 100+ m² Slaapkamers: 5 Badkamers: 5 Hoogtepunten:  Groot privé overloopzwembad Geweldig uitzicht op Es Vedrà Grote nachtclub in de kelder Jacuzzi Groot terras Op het westen georiënteerd</p>
